{"id":538,"date":"2024-01-09T19:20:52","date_gmt":"2024-01-09T22:20:52","guid":{"rendered":"https:\/\/www.franciscoleocadio.com.br\/?page_id=538"},"modified":"2024-01-16T17:18:03","modified_gmt":"2024-01-16T20:18:03","slug":"instalacao","status":"publish","type":"page","link":"https:\/\/www.franciscoleocadio.com.br\/index.php\/cenografia\/instalacao\/","title":{"rendered":"Instala\u00e7\u00e3o"},"content":{"rendered":"\t\t<div data-elementor-type=\"wp-page\" data-elementor-id=\"538\" class=\"elementor elementor-538\" data-elementor-post-type=\"page\">\n\t\t\t\t<div class=\"elementor-element elementor-element-e8670a1 e-flex e-con-boxed e-con e-parent\" data-id=\"e8670a1\" data-element_type=\"container\" data-settings=\"{&quot;background_background&quot;:&quot;classic&quot;}\">\n\t\t\t\t\t<div class=\"e-con-inner\">\n\t\t\t\t<div class=\"elementor-element elementor-element-241ea99 elementor-widget elementor-widget-heading\" data-id=\"241ea99\" data-element_type=\"widget\" data-widget_type=\"heading.default\">\n\t\t\t\t<div class=\"elementor-widget-container\">\n\t\t\t\t\t<h2 class=\"elementor-heading-title elementor-size-default\">Instala\u00e7\u00e3o<\/h2>\t\t\t\t<\/div>\n\t\t\t\t<\/div>\n\t\t\t\t<div class=\"elementor-element elementor-element-84e7ddc elementor-widget elementor-widget-text-editor\" data-id=\"84e7ddc\" data-element_type=\"widget\" data-widget_type=\"text-editor.default\">\n\t\t\t\t<div class=\"elementor-widget-container\">\n\t\t\t\t\t\t\t\t\t<p>&#8220;Em alguns momentos, a cenografia pode dialogar mais fortemente com as artes visuais, especialmente quando criamos para um espa\u00e7o, sem que nenhuma performance ou atividade espec\u00edfica al\u00e9m da frui\u00e7\u00e3o do objeto em si seja o objetivo. Assim, \u00e9 poss\u00edvel denominar os trabalhos criados como instala\u00e7\u00f5es&#8221;<\/p>\t\t\t\t\t\t\t\t<\/div>\n\t\t\t\t<\/div>\n\t\t\t\t\t<\/div>\n\t\t\t\t<\/div>\n\t\t<div class=\"elementor-element elementor-element-46744fb e-flex e-con-boxed e-con e-parent\" data-id=\"46744fb\" data-element_type=\"container\" data-settings=\"{&quot;background_background&quot;:&quot;classic&quot;}\">\n\t\t\t\t\t<div class=\"e-con-inner\">\n\t\t<div class=\"elementor-element elementor-element-1a6a030 e-flex e-con-boxed e-con e-child\" data-id=\"1a6a030\" data-element_type=\"container\">\n\t\t\t\t\t<div class=\"e-con-inner\">\n\t\t<div class=\"elementor-element elementor-element-1bc5428 e-con-full e-flex e-con e-child\" data-id=\"1bc5428\" data-element_type=\"container\">\n\t\t\t\t<div class=\"elementor-element elementor-element-3733626 elementor-widget elementor-widget-heading\" data-id=\"3733626\" data-element_type=\"widget\" data-widget_type=\"heading.default\">\n\t\t\t\t<div class=\"elementor-widget-container\">\n\t\t\t\t\t<h2 class=\"elementor-heading-title elementor-size-default\">Projeto: Festival de Pres\u00e9pios<\/h2>\t\t\t\t<\/div>\n\t\t\t\t<\/div>\n\t\t\t\t<\/div>\n\t\t<div class=\"elementor-element elementor-element-4bab3cc e-con-full e-flex e-con e-child\" data-id=\"4bab3cc\" data-element_type=\"container\">\n\t\t<div class=\"elementor-element elementor-element-d5e5d15 e-flex e-con-boxed e-con e-child\" data-id=\"d5e5d15\" data-element_type=\"container\">\n\t\t\t\t\t<div class=\"e-con-inner\">\n\t\t\t\t<div class=\"elementor-element elementor-element-1fd2ded elementor-widget elementor-widget-gallery\" data-id=\"1fd2ded\" data-element_type=\"widget\" data-settings=\"{&quot;gallery_layout&quot;:&quot;justified&quot;,&quot;ideal_row_height_mobile&quot;:{&quot;unit&quot;:&quot;px&quot;,&quot;size&quot;:200,&quot;sizes&quot;:[]},&quot;ideal_row_height_tablet&quot;:{&quot;unit&quot;:&quot;px&quot;,&quot;size&quot;:200,&quot;sizes&quot;:[]},&quot;lazyload&quot;:&quot;yes&quot;,&quot;ideal_row_height&quot;:{&quot;unit&quot;:&quot;px&quot;,&quot;size&quot;:200,&quot;sizes&quot;:[]},&quot;gap&quot;:{&quot;unit&quot;:&quot;px&quot;,&quot;size&quot;:10,&quot;sizes&quot;:[]},&quot;gap_tablet&quot;:{&quot;unit&quot;:&quot;px&quot;,&quot;size&quot;:10,&quot;sizes&quot;:[]},&quot;gap_mobile&quot;:{&quot;unit&quot;:&quot;px&quot;,&quot;size&quot;:10,&quot;sizes&quot;:[]},&quot;link_to&quot;:&quot;file&quot;,&quot;overlay_background&quot;:&quot;yes&quot;,&quot;content_hover_animation&quot;:&quot;fade-in&quot;}\" data-widget_type=\"gallery.default\">\n\t\t\t\t<div class=\"elementor-widget-container\">\n\t\t\t\t\t\t\t<div class=\"elementor-gallery__container\">\n\t\t\t\t\t\t\t<a class=\"e-gallery-item elementor-gallery-item elementor-animated-content\" href=\"https:\/\/www.franciscoleocadio.com.br\/wp-content\/uploads\/2024\/01\/FOTO-MAQUETE-Festival-de-presepios-1-scaled.jpg\" data-elementor-open-lightbox=\"yes\" data-elementor-lightbox-slideshow=\"1fd2ded\" data-elementor-lightbox-title=\"FOTO MAQUETE- Festival de pres\u00e9pios (1)\" data-e-action-hash=\"#elementor-action%3Aaction%3Dlightbox%26settings%3DeyJpZCI6NTg4LCJ1cmwiOiJodHRwczpcL1wvd3d3LmZyYW5jaXNjb2xlb2NhZGlvLmNvbS5iclwvd3AtY29udGVudFwvdXBsb2Fkc1wvMjAyNFwvMDFcL0ZPVE8tTUFRVUVURS1GZXN0aXZhbC1kZS1wcmVzZXBpb3MtMS1zY2FsZWQuanBnIiwic2xpZGVzaG93IjoiMWZkMmRlZCJ9\">\n\t\t\t\t\t<div class=\"e-gallery-image elementor-gallery-item__image\" data-thumbnail=\"https:\/\/www.franciscoleocadio.com.br\/wp-content\/uploads\/2024\/01\/FOTO-MAQUETE-Festival-de-presepios-1-scaled.jpg\" data-width=\"1718\" data-height=\"2560\" aria-label=\"\" role=\"img\" ><\/div>\n\t\t\t\t\t\t\t\t\t\t\t<div class=\"elementor-gallery-item__overlay\"><\/div>\n\t\t\t\t\t\t\t\t\t\t\t\t\t\t<\/a>\n\t\t\t\t\t\t\t<a class=\"e-gallery-item elementor-gallery-item elementor-animated-content\" href=\"https:\/\/www.franciscoleocadio.com.br\/wp-content\/uploads\/2024\/01\/FOTO-MAQUETE-Festival-de-presepios-2-scaled.jpg\" data-elementor-open-lightbox=\"yes\" data-elementor-lightbox-slideshow=\"1fd2ded\" data-elementor-lightbox-title=\"FOTO MAQUETE- Festival de pres\u00e9pios (2)\" data-e-action-hash=\"#elementor-action%3Aaction%3Dlightbox%26settings%3DeyJpZCI6NTg5LCJ1cmwiOiJodHRwczpcL1wvd3d3LmZyYW5jaXNjb2xlb2NhZGlvLmNvbS5iclwvd3AtY29udGVudFwvdXBsb2Fkc1wvMjAyNFwvMDFcL0ZPVE8tTUFRVUVURS1GZXN0aXZhbC1kZS1wcmVzZXBpb3MtMi1zY2FsZWQuanBnIiwic2xpZGVzaG93IjoiMWZkMmRlZCJ9\">\n\t\t\t\t\t<div class=\"e-gallery-image elementor-gallery-item__image\" data-thumbnail=\"https:\/\/www.franciscoleocadio.com.br\/wp-content\/uploads\/2024\/01\/FOTO-MAQUETE-Festival-de-presepios-2-scaled.jpg\" data-width=\"1718\" data-height=\"2560\" aria-label=\"\" role=\"img\" ><\/div>\n\t\t\t\t\t\t\t\t\t\t\t<div class=\"elementor-gallery-item__overlay\"><\/div>\n\t\t\t\t\t\t\t\t\t\t\t\t\t\t<\/a>\n\t\t\t\t\t\t\t<a class=\"e-gallery-item elementor-gallery-item elementor-animated-content\" href=\"https:\/\/www.franciscoleocadio.com.br\/wp-content\/uploads\/2024\/01\/FOTO-MAQUETE-Festival-de-presepios-3-scaled.jpg\" data-elementor-open-lightbox=\"yes\" data-elementor-lightbox-slideshow=\"1fd2ded\" data-elementor-lightbox-title=\"FOTO MAQUETE- Festival de pres\u00e9pios (3)\" data-e-action-hash=\"#elementor-action%3Aaction%3Dlightbox%26settings%3DeyJpZCI6NTkwLCJ1cmwiOiJodHRwczpcL1wvd3d3LmZyYW5jaXNjb2xlb2NhZGlvLmNvbS5iclwvd3AtY29udGVudFwvdXBsb2Fkc1wvMjAyNFwvMDFcL0ZPVE8tTUFRVUVURS1GZXN0aXZhbC1kZS1wcmVzZXBpb3MtMy1zY2FsZWQuanBnIiwic2xpZGVzaG93IjoiMWZkMmRlZCJ9\">\n\t\t\t\t\t<div class=\"e-gallery-image elementor-gallery-item__image\" data-thumbnail=\"https:\/\/www.franciscoleocadio.com.br\/wp-content\/uploads\/2024\/01\/FOTO-MAQUETE-Festival-de-presepios-3-scaled.jpg\" data-width=\"1718\" data-height=\"2560\" aria-label=\"\" role=\"img\" ><\/div>\n\t\t\t\t\t\t\t\t\t\t\t<div class=\"elementor-gallery-item__overlay\"><\/div>\n\t\t\t\t\t\t\t\t\t\t\t\t\t\t<\/a>\n\t\t\t\t\t\t\t<a class=\"e-gallery-item elementor-gallery-item elementor-animated-content\" href=\"https:\/\/www.franciscoleocadio.com.br\/wp-content\/uploads\/2024\/01\/FOTO-MAQUETE-Festival-de-presepios-4-1-scaled.jpg\" data-elementor-open-lightbox=\"yes\" data-elementor-lightbox-slideshow=\"1fd2ded\" data-elementor-lightbox-title=\"FOTO MAQUETE- Festival de pres\u00e9pios (4)\" data-e-action-hash=\"#elementor-action%3Aaction%3Dlightbox%26settings%3DeyJpZCI6NTkyLCJ1cmwiOiJodHRwczpcL1wvd3d3LmZyYW5jaXNjb2xlb2NhZGlvLmNvbS5iclwvd3AtY29udGVudFwvdXBsb2Fkc1wvMjAyNFwvMDFcL0ZPVE8tTUFRVUVURS1GZXN0aXZhbC1kZS1wcmVzZXBpb3MtNC0xLXNjYWxlZC5qcGciLCJzbGlkZXNob3ciOiIxZmQyZGVkIn0%3D\">\n\t\t\t\t\t<div class=\"e-gallery-image elementor-gallery-item__image\" data-thumbnail=\"https:\/\/www.franciscoleocadio.com.br\/wp-content\/uploads\/2024\/01\/FOTO-MAQUETE-Festival-de-presepios-4-1-scaled.jpg\" data-width=\"1718\" data-height=\"2560\" aria-label=\"\" role=\"img\" ><\/div>\n\t\t\t\t\t\t\t\t\t\t\t<div class=\"elementor-gallery-item__overlay\"><\/div>\n\t\t\t\t\t\t\t\t\t\t\t\t\t\t<\/a>\n\t\t\t\t\t\t\t<a class=\"e-gallery-item elementor-gallery-item elementor-animated-content\" href=\"https:\/\/www.franciscoleocadio.com.br\/wp-content\/uploads\/2024\/01\/modelagem-digital-Festival-de-presepios-1.jpg\" data-elementor-open-lightbox=\"yes\" data-elementor-lightbox-slideshow=\"1fd2ded\" data-elementor-lightbox-title=\"modelagem digital - Festival de pres\u00e9pios (1)\" data-e-action-hash=\"#elementor-action%3Aaction%3Dlightbox%26settings%3DeyJpZCI6NTkzLCJ1cmwiOiJodHRwczpcL1wvd3d3LmZyYW5jaXNjb2xlb2NhZGlvLmNvbS5iclwvd3AtY29udGVudFwvdXBsb2Fkc1wvMjAyNFwvMDFcL21vZGVsYWdlbS1kaWdpdGFsLUZlc3RpdmFsLWRlLXByZXNlcGlvcy0xLmpwZyIsInNsaWRlc2hvdyI6IjFmZDJkZWQifQ%3D%3D\">\n\t\t\t\t\t<div class=\"e-gallery-image elementor-gallery-item__image\" data-thumbnail=\"https:\/\/www.franciscoleocadio.com.br\/wp-content\/uploads\/2024\/01\/modelagem-digital-Festival-de-presepios-1.jpg\" data-width=\"894\" data-height=\"583\" aria-label=\"\" role=\"img\" ><\/div>\n\t\t\t\t\t\t\t\t\t\t\t<div class=\"elementor-gallery-item__overlay\"><\/div>\n\t\t\t\t\t\t\t\t\t\t\t\t\t\t<\/a>\n\t\t\t\t\t\t\t<a class=\"e-gallery-item elementor-gallery-item elementor-animated-content\" href=\"https:\/\/www.franciscoleocadio.com.br\/wp-content\/uploads\/2024\/01\/modelagem-digital-Festival-de-presepios-2.jpg\" data-elementor-open-lightbox=\"yes\" data-elementor-lightbox-slideshow=\"1fd2ded\" data-elementor-lightbox-title=\"modelagem digital - Festival de pres\u00e9pios (2)\" data-e-action-hash=\"#elementor-action%3Aaction%3Dlightbox%26settings%3DeyJpZCI6NTk0LCJ1cmwiOiJodHRwczpcL1wvd3d3LmZyYW5jaXNjb2xlb2NhZGlvLmNvbS5iclwvd3AtY29udGVudFwvdXBsb2Fkc1wvMjAyNFwvMDFcL21vZGVsYWdlbS1kaWdpdGFsLUZlc3RpdmFsLWRlLXByZXNlcGlvcy0yLmpwZyIsInNsaWRlc2hvdyI6IjFmZDJkZWQifQ%3D%3D\">\n\t\t\t\t\t<div class=\"e-gallery-image elementor-gallery-item__image\" data-thumbnail=\"https:\/\/www.franciscoleocadio.com.br\/wp-content\/uploads\/2024\/01\/modelagem-digital-Festival-de-presepios-2.jpg\" data-width=\"894\" data-height=\"583\" aria-label=\"\" role=\"img\" ><\/div>\n\t\t\t\t\t\t\t\t\t\t\t<div class=\"elementor-gallery-item__overlay\"><\/div>\n\t\t\t\t\t\t\t\t\t\t\t\t\t\t<\/a>\n\t\t\t\t\t<\/div>\n\t\t\t\t\t<\/div>\n\t\t\t\t<\/div>\n\t\t\t\t\t<\/div>\n\t\t\t\t<\/div>\n\t\t<div class=\"elementor-element elementor-element-e35f1b9 e-flex e-con-boxed e-con e-child\" data-id=\"e35f1b9\" data-element_type=\"container\">\n\t\t\t\t\t<div class=\"e-con-inner\">\n\t\t<div class=\"elementor-element elementor-element-81c5c13 e-flex e-con-boxed e-con e-child\" data-id=\"81c5c13\" data-element_type=\"container\">\n\t\t\t\t\t<div class=\"e-con-inner\">\n\t\t\t\t<div class=\"elementor-element elementor-element-a61ea98 elementor-widget elementor-widget-text-editor\" data-id=\"a61ea98\" data-element_type=\"widget\" data-widget_type=\"text-editor.default\">\n\t\t\t\t<div class=\"elementor-widget-container\">\n\t\t\t\t\t\t\t\t\t<p><strong>Descri\u00e7\u00e3o<\/strong>:<\/p><p>Projeto selecionado de pres\u00e9pio em tamanho natural para o Festival de Pres\u00e9pios do Rio de Janeiro.<\/p><p>Contrapondo \u00e0 noite que se apresenta como momento do nascimento de Jesus, \u00e0 alegria de sua chegada \u00e0 manjedoura, desenvolvemos eu e a cen\u00f3grafa, figurinista e professora Joana Lavall\u00e9, este dispositivo decorativo que abriga em seu interior apenas a figura do menino, sendo que os outros componentes da cena, se apresentam em recortes no painel , por onde o visitante tamb\u00e9m poderia espi\u00e1-lo.<\/p><p>A escolha crom\u00e1tica se deu por azul como representa\u00e7\u00e3o da noite e listras coloridas internas que fazem alus\u00e3o \u00e0s tradi\u00e7\u00f5es folcl\u00f3ricas natalinas brasileiras multicoloridas.<\/p>\t\t\t\t\t\t\t\t<\/div>\n\t\t\t\t<\/div>\n\t\t\t\t\t<\/div>\n\t\t\t\t<\/div>\n\t\t<div class=\"elementor-element elementor-element-dc4965f e-flex e-con-boxed e-con e-child\" data-id=\"dc4965f\" data-element_type=\"container\">\n\t\t\t\t\t<div class=\"e-con-inner\">\n\t\t\t\t<div class=\"elementor-element elementor-element-b1dc447 elementor-widget__width-initial elementor-widget elementor-widget-text-editor\" data-id=\"b1dc447\" data-element_type=\"widget\" data-widget_type=\"text-editor.default\">\n\t\t\t\t<div class=\"elementor-widget-container\">\n\t\t\t\t\t\t\t\t\t<p><strong>Ficha T\u00e9cnica<\/strong>:<\/p><p>Projeto de pres\u00e9pio em tamanho natural selecionado<\/p><p>Co-autoria : Joana Lavall\u00e9<\/p><p>Ano: 2010<\/p>\t\t\t\t\t\t\t\t<\/div>\n\t\t\t\t<\/div>\n\t\t\t\t\t<\/div>\n\t\t\t\t<\/div>\n\t\t\t\t\t<\/div>\n\t\t\t\t<\/div>\n\t\t\t\t<\/div>\n\t\t\t\t\t<\/div>\n\t\t\t\t<\/div>\n\t\t\t\t\t<\/div>\n\t\t\t\t<\/div>\n\t\t\t\t<\/div>\n\t\t","protected":false},"excerpt":{"rendered":"<p>Instala\u00e7\u00e3o &#8220;Em alguns momentos, a cenografia pode dialogar mais fortemente com as artes visuais, especialmente quando criamos para um espa\u00e7o, sem que nenhuma performance ou atividade espec\u00edfica al\u00e9m da frui\u00e7\u00e3o do objeto em si seja o objetivo. Assim, \u00e9 poss\u00edvel denominar os trabalhos criados como instala\u00e7\u00f5es&#8221; Projeto: Festival de Pres\u00e9pios Descri\u00e7\u00e3o: Projeto selecionado de pres\u00e9pio [&hellip;]<\/p>\n","protected":false},"author":1,"featured_media":0,"parent":16,"menu_order":0,"comment_status":"closed","ping_status":"closed","template":"","meta":{"footnotes":""},"class_list":["post-538","page","type-page","status-publish","hentry"],"_links":{"self":[{"href":"https:\/\/www.franciscoleocadio.com.br\/index.php\/wp-json\/wp\/v2\/pages\/538","targetHints":{"allow":["GET"]}}],"collection":[{"href":"https:\/\/www.franciscoleocadio.com.br\/index.php\/wp-json\/wp\/v2\/pages"}],"about":[{"href":"https:\/\/www.franciscoleocadio.com.br\/index.php\/wp-json\/wp\/v2\/types\/page"}],"author":[{"embeddable":true,"href":"https:\/\/www.franciscoleocadio.com.br\/index.php\/wp-json\/wp\/v2\/users\/1"}],"replies":[{"embeddable":true,"href":"https:\/\/www.franciscoleocadio.com.br\/index.php\/wp-json\/wp\/v2\/comments?post=538"}],"version-history":[{"count":26,"href":"https:\/\/www.franciscoleocadio.com.br\/index.php\/wp-json\/wp\/v2\/pages\/538\/revisions"}],"predecessor-version":[{"id":684,"href":"https:\/\/www.franciscoleocadio.com.br\/index.php\/wp-json\/wp\/v2\/pages\/538\/revisions\/684"}],"up":[{"embeddable":true,"href":"https:\/\/www.franciscoleocadio.com.br\/index.php\/wp-json\/wp\/v2\/pages\/16"}],"wp:attachment":[{"href":"https:\/\/www.franciscoleocadio.com.br\/index.php\/wp-json\/wp\/v2\/media?parent=538"}],"curies":[{"name":"wp","href":"https:\/\/api.w.org\/{rel}","templated":true}]}}